ns digit of r?
2
Let h be ((-12)/16)/((-2)/8). Suppose 3*k + 2*o - 39 = 1, -h*k - 5*o = -46. Suppose k = 5*s - 58. What is the tens digit of s?
1
What is the tens digit of -2*(-3)/2 + 62?
6
Let b be (7/(-2) - -1)*-2. Suppose -b*p - 44 = -9. Let a(c) = -c**2 - 10*c - 6. What is the tens digit of a(p)?
1
Let l = 14 + 17. What is the units digit of l?
1
Let a(l) be the second derivative of -l**6/240 - l**4/6 - 2*l. Let b(o) be the third derivative of a(o). What is the tens digit of b(-5)?
1
Let m be ((-2)/6)/(4/(-72)). Let a be (-1)/(0 + 3/m). What is the units digit of (a + -2)/(2/(-3))?
6
Suppose 0*o - 4*n = 3*o - 263, -3*n - 3 = 0. What is the tens digit of o?
8
Suppose 0 = 4*z - u - 3*u + 8, 5*z = 2*u - 1. Let v(s) = 18*s**2 - 1. What is the units digit of v(z)?
7
Let g = -28 + 107. What is the units digit of g?
9
Suppose 4*r - 38 = k + 77, r = -4*k + 16. What is the tens digit of r?
2
Let i(w) = 8*w + 1. Suppose -20 = -0*b + 4*b. Let t(p) = -p**3 - 4*p**2 + 4*p - 4. Let f be t(b). What is the units digit of i(f)?
9
Suppose -3*m = -4*g + 28, -4*g + 0*g + 2*m + 24 = 0. Suppose g = -3*k + 34. What is the units digit of k?
0
Let h = -5 - -13. What is the units digit of h?
8
Let b be (6/10)/(3/15). Let l(g) = -g**3 - 6*g**2 + 2. Let j be l(-6). Suppose -f = j - b. What is the units digit of f?
1
Let d = -86 - -146. What is the tens digit of d?
6
Let a(j) = 7*j**2 - 2*j. Let b be a(-2). Let u = b + -19. What is the units digit of u?
3
Let s be (-2)/(-11) - 212/(-44). Let x(y) = y**3 - 6*y**2 + 6*y. Let l be x(s). Suppose v = 3*b - 47, v = l*b - 18 - 61. What is the units digit of b?
6
Suppose -4*b - b = 215. Let k = -12 - b. What is the units digit of k?
1
Let y = 12 + -4. What is the units digit of y?
8
Let k(j) = j + 86. What is the units digit of k(0)?
6
Suppose -6*x = -3*n - 2*x + 315, -3*x - 210 = -2*n. What is the hundreds digit of n?
1
Suppose 0 = 4*h + 3*a - a + 14, -5*h + 5*a - 10 = 0. What is the tens digit of (111/(-9)*h)/1?
3
What is the tens digit of 0 + 7/(14/68)?
3
Let o be (-4)/(-6)*3 - -138. Suppose 5*m - 2*l = o, 5*m + 5*l = 4 + 101. What is the tens digit of m?
2
Suppose -25 - 19 = -4*s. Let u be (-4)/6*2*-6. Let a = s - u. What is the units digit of a?
3
Suppose 12 = -g - g - 2*j, -g = 5*j + 26. Let m = g - -5. What is the units digit of m?
4
Suppose -2*f + 5 = -f. Let r(b) = f + 7*b - 1 + b**2 - 3*b. What is the units digit of r(-3)?
1
Let n(s) = 0 + s**2 + 1 - s**2 - 2*s + 3*s**2. What is the units digit of n(1)?
2
Let r be 2 + 0/(-2 + 1). Suppose 5*o - 65 = -r*d - 3*d, 0 = -3*d + 3*o + 51. What is the tens digit of d?
1
Let g = 19 - -7. What is the tens digit of g?
2
Let r(y) be the first derivative of y**3/3 - y**2 - 2*y - 1. Suppose 3*n = 6 + 3. What is the units digit of r(n)?
1
Let h be (-3)/3 + -1 + 6. Suppose h*q - 22 = 18. Suppose -5*w + 3*c = -25 - 25, -2*c = q. What is the units digit of w?
7
Suppose -2*l - 2*l + 40 = 0. Suppose f - 7 - l = 0. What is the tens digit of f?
1
Suppose 0 = 2*w - 3*w + 4. Suppose 2*y = 10, 2*s = y - 4 - 1. Suppose s = -w*p - 0*p + 8. What is the units digit of p?
2
Let d(f) = -3*f**2 + 8*f - 6. Let i(w) = -13*w**2 + 31*w - 25. Let v(y) = -9*d(y) + 2*i(y). What is the units digit of v(10)?
4
Let m be 1*(1 - 4) - -59. Let g = -37 + m. What is the units digit of g?
9
Let v(x) = x**2 - 5*x + 2. Let f be v(5). Suppose -5*s = f - 7. Suppose s = -2*g + 3, -2*q = 5*g - 11. What is the units digit of q?
3
Suppose 0 = n + 3*n + 12. Let z(h) = h**3 + 3*h**2 + 2*h + 1. Let t be z(n). Let j = t - -13. What is the units digit of j?
8
Let p(c) = 29*c - 2. Let t(z) = -116*z + 9. Let g(h) = -9*p(h) - 2*t(h). What is the units digit of g(-1)?
9
Suppose -2*b - 2*i = -5*i - 67, b = 2*i + 34. What is the units digit of b?
2
Let d(o) be the first derivative of -2*o**3/3 - o**2 - 3*o + 1. Let k be d(-3). What is the tens digit of ((-36)/k)/((-12)/(-80))?
1
Let s(z) = -4*z + 17. What is the tens digit of s(-12)?
6
Let j(i) = 7*i**2 + 2*i + 1. Suppose 2*t - 4*x + 11 + 3 = 0, 2*t = x - 5. Let u be j(t). Suppose -4*k + 22 = u. What is the units digit of k?
4
Suppose -n + 41 - 2 = 4*c, 3*n - c - 104 = 0. What is the tens digit of n?
3
Let j = 17 - 12. Suppose 0 = 3*d - j*k - 69, -2*d + 2*k + 39 = k. Suppose 3*c + 5 = 2*c + 3*t, -t = 2*c - d. What is the units digit of c?
7
Let j = 114 - 43. What is the units digit of j?
1
Let y = -12 + -21. Let w = 48 + y. What is the units digit of w?
5
Suppose -k - k = 44. What is the units digit of (1 + 0)/((-2)/k)?
1
Suppose 5*l - 55 = -u, 8*u - 3*u + 4*l - 233 = 0. What is the tens digit of u?
4
Suppose 2*j = j + 7. Suppose -60 = 2*t - j*t. What is the units digit of t?
2
Let i = -6 + 15. Suppose -q + 10 = i*k - 4*k, 0 = 3*k - 2*q - 6. Let j(y) = 2*y**3 - 2*y**2 - 2. What is the units digit of j(k)?
6
Let p(l) = 2*l + 6. Let x = -11 + 7. Let b be p(x). What is the units digit of 0 - (b + 3)*-1?
1
Let s(z) = -z**3 - z**2 - z. Let p be s(0). Suppose 4*o = -p*o. Suppose -4*l - u + 48 = o, 3*l + 3*u - 51 = 6*u. What is the tens digit of l?
1
What is the units digit of (-31)/(-11) - 2/(-11)?
3
Suppose -4*i - 116 = -f, 0 = -5*f + i + 623 - 24. Suppose b = 6*b - f. What is the tens digit of b?
2
Let b(n) = 4*n**3 + 2*n**2 - 1. Let x be b(1). Suppose 10 = x*w - 15. What is the units digit of w?
5
Suppose 5*z - 271 = -u, 5*z = -3*u - 69 + 342. Suppose -4*m + 2*d = -0*m - z, 4*d - 48 = -5*m. What is the units digit of m?
2
Let b = 1 - 1. What is the units digit of b + 1*9/1?
9
Suppose q + 18 = 4*q. Let d = q - 5. What is the units digit of d?
1
Let l(y) be the second derivative of 0 + 1/6*y**3 - 2*y + 9/2*y**2. What is the units digit of l(0)?
9
Suppose 5*c + 75 = 6*c. What is the tens digit of c?
7
Let w = 7 - 4. Let n be (-3)/(-2 + (-2)/(-4)). Let c = w - n. What is the units digit of c?
1
Let f be ((-1)/2)/((-4)/144). Let i be -2*2/6*f. What is the units digit of (4/(-3))/(i/18)?
2
Let b(o) = -o**3 - 4*o**2 - o + 1. Let g = 1 + -3. Let h be b(g). What is the units digit of 2/(-5) - 12/h?
2
Let t = -56 - -194. What is the units digit of t?
8
Suppose 3*f = 5*b + 21, -2*f + 3*b + 14 - 1 = 0. Suppose f*w - 90 = 7*w. What is the units digit of (-148)/(-18) - (-4)/w?
8
Suppose 4*p - 15 = -p. Suppose 11 - 2 = 3*g, -p*g + 10 = k. Suppose t + t = -5*j + 25, 2*t - 3*j = k. What is the units digit of t?
5
Suppose -2*t + 4*a + 81 = -t, -4*a - 211 = -3*t. What is the tens digit of t?
6
Let b = -30 + 48. What is the tens digit of b?
1
Let t = -137 + 318. What is the units digit of t?
1
Suppose 0*u - 5*u - 205 = 0. Let b = u - -58. What is the units digit of b?
7
Let h = -18 + 9. Let t = -5 - h. What is the units digit of t?
4
Let z(j) = -j - 7. Let i be z(-9). Suppose -i + 6 = 2*n. Suppose 0*m - 22 = -n*m. What is the units digit of m?
1
What is the units digit of -3 + (-6 - -3) + 1 + 228?
3
Let p = -12 - -16. What is the units digit of p?
4
Let p(v) = -3*v**3 - 2*v**2 - 2*v - 2. Let n be 3/(-2) + 6/(-12). What is the units digit of p(n)?
8
What is the tens digit of (3 - -17)/1 + -2?
1
Suppose 142 + 116 = 2*g. Let a = -77 + g. What is the tens digit of a?
5
Suppose -k = 3*k - 192. Suppose v = 2*y + y - k, 0 = v. Suppose 5*i - y = -4*u + 3*i, -i - 1 = -u. What is the units digit of u?
3
Let t be 3*3/(-9)*-34. Suppose 5*i - t - 6 = 0. What is the units digit of i?
8
Let d = 71 - -216. What is the units digit of d?
7
Let n(g) = -g**3 - 2*g**2 + g - 6. What is the tens digit of n(-4)?
2
Let a be (-1)/1*13*-1. Let f be 15/10*12/9. Suppose 0 = 3*p - 4*t + 3, f + a = 5*t. What is the units digit of p?
3
Let b(l) = l**2 + 3*l + 2. Let q be b(-2). Suppose -2*z + 13 - 3 = q. What is the units digit of z?
5
Suppose 4*m = m. Suppose 3*x - 5 - 4 = m. Suppose x*o - 4 = 14. What is the units digit of o?
6
Suppose -2*z = -2*s - 4*z + 8, 0 = -2*z + 6. What is the units digit of 3/(s + 23/(-26))?
6
Suppose -5*h + 14 = -16. Let o(l) = l**2 - 7*l + 7. Let a be o(h). What is the units digit of (a*6 - 1) + 0?
5
Suppose 4*t = -0*t + 100. What is the units digit of t?
5
Let m(t) = 4*t**2 - 5*t + 5. What is the tens digit of m(5)?
8
Suppose 5*u + u = 420. What is the tens digit of u?
7
Let f(u) = 2*u**2 - u - 2. What is the tens digit of f(-7)?
0
Let h = 25 + -37. What is the tens digit of h/28 + (-345)/(-21)?
1
Supp